 prime factors of 1176.
2, 3, 7
What are the prime factors of 2074?
2, 17, 61
List the prime factors of 15629.
15629
What are the prime factors of 351?
3, 13
List the prime factors of 28856.
2, 3607
List the prime factors of 3673.
3673
What are the prime factors of 748?
2, 11, 17
List the prime factors of 3744.
2, 3, 13
What are the prime factors of 4705?
5, 941
What are the prime factors of 1346?
2, 673
List the prime factors of 33287.
33287
What are the prime factors of 25238?
2, 12619
What are the prime factors of 2214?
2, 3, 41
What are the prime factors of 74470?
2, 5, 11, 677
What are the prime factors of 42421?
59, 719
What are the prime factors of 51?
3, 17
List the prime factors of 2488.
2, 311
List the prime factors of 835.
5, 167
List the prime factors of 17553.
3, 5851
What are the prime factors of 70384?
2, 53, 83
What are the prime factors of 604?
2, 151
List the prime factors of 12852.
2, 3, 7, 17
List the prime factors of 3148.
2, 787
What are the prime factors of 23132?
2, 5783
List the prime factors of 634.
2, 317
What are the prime factors of 111?
3, 37
List the prime factors of 28047.
3, 9349
What are the prime factors of 9401?
7, 17, 79
What are the prime factors of 20635?
5, 4127
What are the prime factors of 83886?
2, 3, 11, 31, 41
List the prime factors of 23670.
2, 3, 5, 263
List the prime factors of 138996.
2, 3, 11, 13
What are the prime factors of 1369?
37
What are the prime factors of 7055?
5, 17, 83
List the prime factors of 56202.
2, 3, 17, 19, 29
What are the prime factors of 52926?
2, 3, 8821
What are the prime factors of 7915?
5, 1583
What are the prime factors of 79?
79
What are the prime factors of 3106?
2, 1553
What are the prime factors of 4380?
2, 3, 5, 73
List the prime factors of 2327.
13, 179
List the prime factors of 98863.
109, 907
What are the prime factors of 42414?
2, 3, 7069
What are the prime factors of 69412?
2, 7, 37, 67
List the prime factors of 440.
2, 5, 11
What are the prime factors of 10763?
47, 229
List the prime factors of 189.
3, 7
What are the prime factors of 19685?
5, 31, 127
What are the prime factors of 62992?
2, 31, 127
List the prime factors of 15391.
15391
What are the prime factors of 36973?
36973
What are the prime factors of 933?
3, 311
What are the prime factors of 24888?
2, 3, 17, 61
What are the prime factors of 3797?
3797
What are the prime factors of 15171?
3, 13, 389
What are the prime factors of 7892?
2, 1973
List the prime factors of 32427.
3, 1201
List the prime factors of 17559.
3, 1951
List the prime factors of 6358.
2, 11, 17
What are the prime factors of 3431?
47, 73
List the prime factors of 93713.
31, 3023
List the prime factors of 5232.
2, 3, 109
List the prime factors of 232.
2, 29
What are the prime factors of 26673?
3, 17, 523
What are the prime factors of 205?
5, 41
List the prime factors of 41729.
41729
What are the prime factors of 5363?
31, 173
List the prime factors of 3132.
2, 3, 29
List the prime factors of 101.
101
List the prime factors of 6019.
13, 463
What are the prime factors of 48949?
31, 1579
What are the prime factors of 78371?
109, 719
List the prime factors of 22.
2, 11
What are the prime factors of 7287?
3, 7, 347
What are the prime factors of 32915?
5, 29, 227
List the prime factors of 25174.
2, 41, 307
List the prime factors of 1117.
1117
What are the prime factors of 9635?
5, 41, 47
What are the prime factors of 12704?
2, 397
List the prime factors of 10193.
10193
List the prime factors of 14568.
2, 3, 607
List the prime factors of 1278.
2, 3, 71
What are the prime factors of 1065?
3, 5, 71
List the prime factors of 6653.
6653
What are the prime factors of 911?
911
What are the prime factors of 68860?
2, 5, 11, 313
What are the prime factors of 21354?
2, 3, 3559
List the prime factors of 287.
7, 41
What are the prime factors of 2345?
5, 7, 67
What are the prime factors of 25961?
13, 1997
List the prime factors of 21959.
7, 3137
List the prime factors of 2497.
11, 227
List the prime factors of 32967.
3, 11, 37
What are the prime factors of 48410?
2, 5, 47, 103
List the prime factors of 16631.
16631
List the prime factors of 3166.
2, 1583
What are the prime factors of 12360?
2, 3, 5, 103
List the prime factors of 61609.
61609
List the prime factors of 75704.
2, 9463
What are the prime factors of 22214?
2, 29, 383
List the prime factors of 2890.
2, 5, 17
What are the prime factors of 43623?
3, 37, 131
What are the prime factors of 8498?
2, 7, 607
List the prime factors of 481.
13, 37
List the prime factors of 3154.
2, 19, 83
What are the prime factors of 657?
3, 73
What are the prime factors of 12740?
2, 5, 7, 13
What are the prime factors of 403?
13, 31
What are the prime factors of 91699?
107, 857
What are the prime factors of 38864?
2, 7, 347
List the prime factors of 760.
2, 5, 19
What are the prime factors of 101820?
2, 3, 5, 1697
What are the prime factors of 581?
7, 83
What are the prime factors of 827?
827
List the prime factors of 1047.
3, 349
List the prime factors of 79891.
7, 101, 113
What are the prime factors of 417?
3, 139
List the prime factors of 2237.
2237
List the prime factors of 206.
2, 103
What are the prime factors of 40023?
3, 4447
What are the prime factors of 36487?
11, 31, 107
What are the prime factors of 17451?
3, 7, 277
List the prime factors of 1702.
2, 23, 37
List the prime factors of 2084.
2, 521
List the prime factors of 2147.
19, 113
What are the prime factors of 2805?
3, 5, 11, 17
What are the prime factors of 488?
2, 61
List the prime factors of 43575.
3, 5, 7, 83
What are the prime factors of 12217?
19, 643
List the prime factors of 8327.
11, 757
List the prime factors of 7474.
2, 37, 101
What are the prime factors of 262?
2, 131
List the prime factors of 32029.
32029
List the prime factors of 1352.
2, 13
What are the prime factors of 23703?
3, 7901
What are the prime factors of 2617?
2617
List the prime factors of 8237.
8237
List the prime factors of 2014.
2, 19, 53
What are the prime factors of 3676?
2, 919
List the prime factors of 2519.
11, 229
List the prime factors of 131895.
3, 5, 977
List the prime factors of 1441.
11, 131
What are the prime factors of 36?
2, 3
List the prime factors of 102637.
197, 521
List the prime factors of 19.
19
List the prime factors of 19538.
2, 9769
What are the prime factors of 3216?
2, 3, 67
List the prime factors of 1204.
2, 7, 43
What are the prime factors of 4893?
3, 7, 233
What are the prime factors of 3462?
2, 3, 577
List the prime factors of 1199.
11, 109
What are the prime factors of 141459?
3, 61, 773
List the prime factors of 8509.
67, 127
List the prime factors of 3896.
2, 487
List the prime factors of 177394.
2, 7, 12671
What are the prime factors of 7317?
3, 271
What are the prime factors of 3626?
2, 7, 37
List the prime factors of 2421.
3, 269
List the prime factors of 546.
2, 3, 7, 13
List the prime factors of 27029.
151, 179
List the prime factors of 23256.
2, 3, 17, 19
What are the prime factors of 158164?
2, 39541
What are the prime factors of 54587?
13, 17, 19
List the prime factors of 357.
3, 7, 17
What are the prime factors of 601?
601
What are the prime factors of 623?
7, 89
What are the prime factors of 2107?
7, 43
What are the prime factors of 9104?
2, 569
What are the prime factors of 34128?
2, 3, 79
What are the prime factors of 8280?
2, 3, 5, 23
List the prime factors of 724.
2, 181
List the prime factors of 27800.
2, 5, 139
List the prime factors of 505.
5, 101
What are the prime factors of 1551?
3, 11, 47
List the prime factors of 8680.
2, 5, 7, 31
List the prime factors of 20483.
20483
What are the prime factors of 2079?
3, 7, 11
List the prime factors of 25695.
3, 5, 571
What are the prime factors of 22038?
2, 3, 3673
List the prime factors of 314.
2, 157
List the prime factors of 57481.
47, 1223
What are the prime factors of 27968?
2, 19, 23
List the prime factors of 1870.
2, 5, 11, 17
What are the prime factors of 2657?
2657
What are the prime factors of 1367?
1367
List the prime factors of 11480.
2, 5, 7, 41
What are the prime factors of 648?
2, 3
What are the prime factors of 1494?
2, 3, 83
List the prime factors of 70.
2, 5, 7
List the prime factors of 1829.
31, 59
What are the prime factors of 8777?
67, 131
What are the pri